Is 1724939 prime?
False
Is 1661431 a composite number?
False
Is 94378 composite?
True
Is 337555 a composite number?
True
Is 55660019 a composite number?
True
Is 423092677 a composite number?
True
Is 14970797 a prime number?
True
Is 1141097294 prime?
False
Is 2991187 a prime number?
True
Is 70055003 a prime number?
True
Is 79550687 prime?
True
Is 3470957 a prime number?
False
Is 11331221 a composite number?
True
Is 5082887 prime?
True
Is 8636111 a prime number?
False
Is 704141 a prime number?
True
Is 6589393 a composite number?
False
Is 343223987 a prime number?
True
Is 25511133 a prime number?
False
Is 1398139 a prime number?
True
Is 760607 a prime number?
True
Is 5705353 a composite number?
True
Is 182161601 a prime number?
True
Is 718309 prime?
False
Is 556111 a prime number?
False
Is 1014089 composite?
False
Is 271231 composite?
False
Is 8255213 a composite number?
False
Is 37456663 prime?
False
Is 105998501 a prime number?
False
Is 66581791 prime?
True
Is 6107537 composite?
True
Is 30423469 a composite number?
True
Is 136691 a prime number?
True
Is 439629 a composite number?
True
Is 2948943 prime?
False
Is 7545593 a composite number?
True
Is 80874943 a composite number?
True
Is 2042543 a prime number?
False
Is 59329 composite?
True
Is 104281 prime?
True
Is 28329013 a composite number?
True
Is 2725507 a prime number?
False
Is 35183441 prime?
True
Is 524789 prime?
True
Is 32540693 prime?
False
Is 5013271 a prime number?
False
Is 13841855 composite?
True
Is 91056557 a composite number?
False
Is 4324487 a composite number?
True
Is 50638919 a composite number?
False
Is 3235267 a composite number?
True
Is 63001721 a composite number?
False
Is 189714431 a prime number?
True
Is 47868139 composite?
True
Is 5376101 composite?
False
Is 229887337 composite?
False
Is 395597 prime?
True
Is 53232541 composite?
False
Is 63739407 composite?
True
Is 14934251 prime?
True
Is 570173 a composite number?
False
Is 389586793 a prime number?
True
Is 40701469 composite?
False
Is 1389429313 composite?
False
Is 9836287 a prime number?
True
Is 1142249 composite?
True
Is 145147741 a composite number?
False
Is 4527349 a composite number?
True
Is 8239667 a prime number?
True
Is 32893141 prime?
True
Is 50428513 a composite number?
False
Is 212287661 a prime number?
True
Is 5237669 prime?
False
Is 181483709 prime?
False
Is 106502939 a prime number?
True
Is 34726579 composite?
False
Is 13445717 a composite number?
False
Is 263403827 prime?
True
Is 24354997 a prime number?
True
Is 166870391 a prime number?
False
Is 281714309 a composite number?
False
Is 7463329 prime?
True
Is 1682141 a composite number?
True
Is 28319 a prime number?
True
Is 25125599 prime?
True
Is 16787707 composite?
False
Is 9630529 prime?
False
Is 13573799 prime?
False
Is 26349437 composite?
True
Is 6847649 a composite number?
False
Is 640417 composite?
True
Is 1628267 a composite number?
True
Is 153793019 a composite number?
True
Is 33469223 prime?
True
Is 54222197 a composite number?
True
Is 53492311 prime?
False
Is 171292291 composite?
False
Is 303321 composite?
True
Is 730601 a prime number?
False
Is 43168771 prime?
False
Is 73024647 prime?
False
Is 13150781 a prime number?
False
Is 571391987 prime?
True
Is 83831929 prime?
True
Is 13217629 prime?
True
Is 36212507 a prime number?
True
Is 18841819 a composite number?
False
Is 10498889 composite?
False
Is 242425067 a composite number?
False
Is 14562161 prime?
True
Is 141216731 a prime number?
True
Is 126522629 a prime number?
False
Is 22795739 composite?
False
Is 627125033 composite?
False
Is 17433197 prime?
True
Is 74324303 a composite number?
True
Is 5371033 a composite number?
False
Is 15638749 a prime number?
False
Is 30389423 prime?
True
Is 32067445 prime?
False
Is 26886445 a composite number?
True
Is 4297861 composite?
False
Is 51188591 a composite number?
False
Is 5212979 prime?
True
Is 198029569 composite?
True
Is 112519847 a prime number?
False
Is 16060117 a composite number?
True
Is 1071293 prime?
False
Is 4997149 a prime number?
False
Is 1551343 prime?
True
Is 44354351 prime?
True
Is 1681787 composite?
False
Is 14777971 composite?
True
Is 2734971 composite?
True
Is 2954639 composite?
False
Is 22569203 a composite number?
False
Is 92597047 a prime number?
True
Is 597977707 a prime number?
True
Is 69029171 prime?
True
Is 9312871 a composite number?
True
Is 1014682607 prime?
False
Is 913091969 composite?
False
Is 271351 composite?
False
Is 43132357 composite?
False
Is 2431549 a composite number?
True
Is 6300003 composite?
True
Is 61142831 composite?
True
Is 11125159 a prime number?
True
Is 932917 a composite number?
False
Is 269378029 a composite number?
True
Is 1510349 composite?
True
Is 7046707 prime?
True
Is 2111909 prime?
True
Is 1381993 a composite number?
False
Is 7884409 a composite number?
True
Is 10753487 composite?
True
Is 33012509 a composite number?
False
Is 190471247 composite?
True
Is 876587 a prime number?
False
Is 112514579 a prime number?
False
Is 2641291 prime?
False
Is 264613103 prime?
False
Is 407392807 prime?
True
Is 143140843 a prime number?
True
Is 62251583 prime?
True
Is 237715861 composite?
True
Is 1087501 a prime number?
False
Is 785483 composite?
False
Is 199426231 composite?
True
Is 131340871 composite?
False
Is 53737421 a composite number?
False
Is 182129907 prime?
False
Is 518893861 a prime number?
True
Is 11238943 composite?
False
Is 43929211 composite?
True
Is 19379351 composite?
False
Is 3405509 a composite number?
False
Is 5343913 a composite number?
True
Is 350320493 prime?
False
Is 65128127 a composite number?
True
Is 409482131 prime?
False
Is 4502747 a composite number?
False
Is 78578517 composite?
True
Is 792324761 composite?
False
Is 516276443 composite?
True
Is 60776691 a prime number?
False
Is 40866935 a prime number?
False
Is 1099619 prime?
True
Is 10263993 a prime number?
False
Is 814001 composite?
True
Is 943013 composite?
False
Is 830314101 a composite number?
True
Is 59528519 composite?
False
Is 14001217 a prime number?
False
Is 8218631 prime?
False
Is 4424363 a composite number?
False
Is 130593217 a composite number?
False
Is 16995509 a composite number?
False
Is 35443517 a composite number?
False
Is 342413 a prime number?
True
Is 2475545 a prime number?
False
Is 1119353 composite?
True
Is 1380466 composite?
True
Is 2755141 a prime number?
True
Is 548989 a prime number?
False
Is 70195117 composite?
True
Is 12017681 composite?
True
Is 2023807 composite?
True
Is 14790982 composite?
True
Is 3353683 composite?
False
Is 83863411 a prime number?
True
Is 1166287 a prime number?
True
Is 58209 composite?
True
Is 82682183 composite?
False
Is 556278791 a prime number?
True
Is 696679 a composite number?
False
Is 22659961 a prime number?
False
Is 682943783 a composite number?
False
Is 15999727 a composite number?
False
Is 24138839 prime?
True
Is 41922883 a prime number?
False
Is 94993 a composite number?
False
Is 232656677 a composite number?
True
Is 15265429 a composite number?
False
Is 18313633 a prime number?
False
Is 696733 a prime number?
False
Is 1266779 composite?
False
Is 14992111 a composite number?
False
Is 687225037 composite?
False
Is 25065881 a composite number?
False
Is 839430101 prime?
False
Is 924160633 prime?
False
Is 145638481 composite?
True
Is 2416153 composite?
False
Is 58787 a composite number?
False
Is 1547207 composite?
False
Is 69034219 prime?
True
Is 98523251 a prime number?
True
Is 3665947 a prime number?
False
Is 21146699 composite?
True
Is 2896162 a composite number?
True
Is 173080513 composite?
False
Is 18975293 prime?
False
Is 6865217 prime?
False
Is 75100657 a prime number?
True
Is 548279 a composite number?
True
Is 2469265 prime?
False
Is 145448381 composite?
True
Is 1585061 a prime number?
False
Is 1030277 composite?
True
Is 11597869 composite?
True
Is 9384217 composite?
True
Is 111512257 a composite number?
True
Is 2803543 prime?
True
Is 3859423 composite?
True
Is 31161049 a composite number?
True
Is 1337641 a prime number?
False
Is 18455609 composite?
False
Is 609043 composite?
False
Is 341947681 composite?
False
Is 241165459 a prime number?
False
Is 476684969 prime?
True
Is 14001907 prime?
True
Is 38221273 a prime number?
True
Is 16321397 prime?
True
Is 21505999 a prime num